17
-6
What is 9 - (0 - 3) - (-235 - -256) - -20?
11
Calculate 6566 + -6665 - (-37 + 3).
-65
Calculate 0 + 43 - ((5 - (10 + 5)) + -4).
57
-9 + (-45 - -40) + 9 + 6 + (-1 - 0)
0
Calculate 25 + -3 - (18 + -28 - -9 - -11).
12
-29 - (67 + (-69 - -16) - (2 - -27))
-14
Evaluate -233 + 241 + (0 - -1) - 4.
5
What is -37 - (-11 + -1 + -61 + (21 - -48))?
-33
Calculate (-87 - (67 - 68)) + 190.
104
13 + (13 - (32 - (12 + -18 + 23)))
11
Calculate -2 - ((92 - 72) + (7 - 29)).
0
Calculate 152 - (-65 - (105 - 223)).
99
Calculate 16 + -13 - (18 - 8) - -12.
5
Calculate -151 - -48 - -85 - (-5 + 3 - -63).
-79
What is the value of 76 + (157 - 261) + 1 + 115?
88
What is -4 - -37 - (89 - 49) - (-7 + 1)?
-1
Calculate 47 + (-7 + -1 - (2 - (4 - 14))).
27
What is the value of 10 + -5 + (-29 - (-8 + 16)) + -11?
-43
Evaluate -22 - (18 + 23 + -3 + -21).
-39
What is the value of (-20 - -3 - 39) + 51?
-5
What is 14 + 50 + -44 + 18 + 6?
44
Evaluate 2 + -5 + 3 + 20 + -8.
12
What is -17 + (6 - (23 - 9 - (27 + -7)))?
-5
What is 66 - (130 - (6 - -6))?
-52
Evaluate -10 + 0 + 22 - (-6 - -92 - (0 - -6)).
-68
Evaluate (-16 - -3) + (-111 - -131).
7
12 + (-55 - (7 - (10 - (7 - -15))))
-62
Calculate -4 + -141 - (48 + -114).
-79
Evaluate (-2 - 10) + (72 + -36 - 54).
-30
Calculate 73 - (12 + 17 - 16) - 21.
39
Evaluate 9 - (87 - -7 - 31).
-54
Evaluate (6 - -1) + 15 + 37 + 39 + -71.
27
What is -57 + -42 + 14 + 33?
-52
What is (14 - 3) + -5 + 2 + 0 - (18 - -32)?
-42
Evaluate 34 - ((5 - 2) + 29 + -11) - (1 - 40).
52
What is -10 + 5 + -2 + 11 - (24 + -1 + -1)?
-18
What is (1321 - 1394) + 71 + 2?
0
Evaluate 3 + (15 - 23) + (19 - -2) + -1 + -10.
5
Calculate -17 + 9 + (7 - 3) + -2 + (3 - 19).
-22
(-9 - 1 - (66 + -68)) + (-2 - 6)
-16
Calculate -2 + ((-36 - 6) + 74 - 39).
-9
-2 + 5 + (-583 - -562)
-18
What is the value of 7 - 0 - (-45 + 14 - -31 - (-2 + 58))?
63
Evaluate -83 - (-6 + (42 - 84)).
-35
Evaluate -83 - (-75 + 48 - -8).
-64
What is -58 - -78 - (1 - (-60 - -4))?
-37
Calculate -10158 + 10089 - (4 - 2 - (-3 - (1 + -7))).
-68
Evaluate 47 - (-30 + 2 + 38).
37
103 + 36 + -30 + (-4 - (-6 + 8) - 3)
100
What is 16 - 22 - (10 - (52 - (5 - 10)))?
41
What is -6 + -1 - -20 - (-100 - (-12 + 17))?
118
What is (11 - (2 + -1)) + (46 + (-52 - -37) - 21)?
20
-5 - -2 - 1 - (-2536 - -2535)
-3
What is (1 - -1) + (-85 - -32 - -19) + 25?
-7
What is the value of (26 - 2) + (10 - (16 + -3 + -4) - -9)?
34
Calculate (22 + 23 - 53) + 1.
-7
What is the value of -25 - (-10 + 5 + -13 - (-10 + -3))?
-20
What is -53 - (-11 + 1) - -44?
1
What is 4 + (-19 + 58 - 24) + -25?
-6
Calculate (-6 + -3 - 5) + 6 + (327 - 408).
-89
What is the value of 14 + -2 - (205 - 181) - (21 + 3)?
-36
What is (-49 - (-133 + 65)) + -56?
-37
-48 + (15 - -26) + (-3 - -2)
-8
What is the value of 12 + (0 - 1) + (-56 - (-101 - -51) - 6)?
-1
Evaluate (73 - (-38 + 58)) + -41.
12
Evaluate (2 - -2) + -23 + 37 - 4 - 0.
14
What is the value of 0 + (70 - -1) + -107 + (47 + 90 - 41)?
60
Evaluate 29 + -70 + -37 + 41.
-37
Calculate -1 + -13 + 1 + -1242 + 1337 - (-8 - -13).
77
What is the value of (6 - 1) + 2 + (2 - 5) + (-666 - -581)?
-81
What is the value of 3 + (3 - (-6 - -1)) + -100 - 16?
-105
3 + 5 - (-2 + (-7 - 4)) - 8
13
What is -82 - (542 + -532 - (2 - (-2 - 9)))?
-79
What is (-37 + 68 - 55 - -67) + -39?
4
125 + -155 + 105 + 2
77
What is the value of (23 - 1) + (-3 - -27 - 16) + -10 + -7?
13
What is the value of (35 - 12) + 20 + -3 + -3?
37
Evaluate -19 + (16 - 8) + (-11 - (-9 + 1)).
-14
What is 210 + (-28 - -38) - 89?
131
Evaluate (3 + -4 - -4) + (-75 - (-23 + 16 - -27)).
-92
What is -18 + (5 - (20 - 39)) + (26 - 3)?
29
What is (6 - (-14 - (6 + 6 - 34))) + -6 - 97?
-105
What is the value of -56 + -766 + 777 + (-1 - -6)?
-40
Calculate 6 - 7 - (85 + 21 + -219).
112
What is 26 + 10 + -42 + 10 + (-1 - 7) + 3?
-1
What is the value of (2 + -23 - (11 + -20) - -4) + (-8 - -1)?
-15
What is the value of ((8 - -1 - 11) + (1 - 4) - -2) + 55?
52
-1 + 9 - (-151 - (-11 + -26 + 4))
126
-112 + 9 - (-101 + 110)
-112
What is (62 - 52) + -5 + (-42 - -7)?
-30
What is -41 + 35 + (32 - 55)?
-29
What is (-212 + 226 - (0 - 56)) + (1 - 7)?
64
8 + (-53 + 50 - -70)
75
Evaluate (-25 + -33 - -88) + 10 + -123.
-83
-1 + 3 + (3 + 8 - 10) - (-119 + 120)
2
Evaluate (9 - (11 + -15)) + -111 - -13 - -12.
-73
Calculate -7 - -18 - (-57 + 54 - (-1 - 3) - -64).
-54
213 + (-43 - 19) - 73
78
What is the value of -6 + (20 - (-2 + 15)) - 44?
-43
Evaluate (14 - -1) + (-15 + 69 - 8).
61
What is the value of (110 - 57) + -65 + -2 + (0 - 1) + 5?
-10
Calculate (0 - -63) + (18 - (140 - 109)).
50
-17 + -3 + (15 - 5 - 2) + (-13 - 2)
-27
What is (5 - 18) + (-60 - 6 - -35)?
-44
What is the value of -56 + 31 - (-7 - (1 - 10))?
-27
15 - (169 + -162 + (-3 - (23 + -6)))
28
Evaluate (11 - 22) + 17 + -36 + -8 + -2 + 17.
-23
What is -5 + 2 + -1 - ((80 - 39) + 4 - 7)?
-42
What is the value of 0 + (-64 - -3) + 1005 + -986 - (1 + 12)?
-55
What is 37 + -10 + -2 + -1 + (4 - 0)?
28
What is -6 + 88 + -27 + -65 - (-1 - 22)?
13
15 + (2 - 28) - 19
-30
Evaluate -22 - (-28 + -11 + 24) - -14.
7
47 - 88 - 5 - 36
-82
What is (-6 - -3) + -14 + (-2440 - -2442)?
-15
Evaluate -8 - -2 - (9952 + -9923).
-35
Calculate -12 - 1 - (39 + -61 + 17) - 6.
-14
Evaluate 30 + (-99 - -35 - 6).
-40
What is 46 + (-49 - -7) - 16?
-12
What is 39 + 0 + (-39 - (-108 - -50))?
58
What is the value of -19 - (-6 - (9 - 7)) - -6?
-5
Calculate -2 - 71 - (30 - (79 + -14 - 47)).
-85
Evaluate -1 + 44 + 5 + -4 - ((-1 - -39) + -45).
51
What is the value of (-11 - 5) + -24 + 31 + (-28 - -1)?
-36
-10 + (2 - (10 + 3)) - -7
-14
2 + (-7 - -4) + 52 - (5 + (24 - 39))
61
What is the value of -4 + (-18 - -12 - (4 + -3 + -4)) + 4?
-3
-48 + (-7 - -27) + 14 + (79 - (-3 - -2))
66
What is -4 + 0 + -2 + -885 + 881?
-10
Evaluate 107 - (38 + -17 + 25).
61
What is the value of -2 + (95 - 8) - (-14 + 12 + 9)?
78
Evaluate 41 - -1 - (1311 - 1329).
60
58 - (-20 + (12 - 5) - -16)
55
Evaluate -1 + 1 + 35 - (12556 + -12460).
-61
What is the value of (3 - -39 - 71) + 44?
15
Evaluate 10 + (-57 - -104) - -16.
73
Evaluate -24 + -5 + -38 + 89 + -6.
16
Evaluate -45 + 31 + -21 + (11 - 5) + -13.
-42
What is 42 + (-14 - 8) + 4 + (-11 - -3)?
16
What is the value of -257 - (96 - 219) - -160?
26
Evaluate (4 - 120) + 2 + (49 - (-86 + 133)).
-112
Calculate -1 + 59 + (12 + -8 - 6 - -15).
71
Calculate -14 + (-2 + 10 - (-3 - -8)) + (-110 - -119).
-2
Evaluate (-64 - (2 + 1)) + -3 + (-1296 - -1305).
-61
2 + 29 + 12 + (-8 - 8) + -4
23
(51 - (7 + -4) - 8) + -14
26
(-30 - 4) + (151 - 136) + 11
-8
(10 - 57) + 7 + -1 + (0 - (-6 - 7))
-28
Calculate 95 - 52 - (7 + -1 + -47 + 42 - -7).
35
Calculate -29 - (-27 + (0 - -30) + -15).
-17
What is the value of 26 - ((-3 + -6 + 10 + 13 - 4) + -6)?
22
What is the value of -14 + (9 + -14 - -4) - -50?
35
-5 - (-2 + 0) - ((-9 - 0) + (101 - 91))
-4
What is the value of -43 - (-65 - 6 - 17)?
45
What is 1286 + -1335 - (5 - (3 + 4 + -3 + -1))?
-51
Calculate 19 + -1 + -114 + (142 - 46).
0
639 + -633 - ((-14 - -5) + 0 + -1)
16
Evaluate (9 + 52 + -6 - 28) + 27.
54
Evaluate -16 + 10 + -6 + 15 - (-9 + -5).
17
What is the value of (2 + 9 - 10) + (20 - 8 - 39)?
-26
What is the value of -40 - -16 - (-9 + 4 - -17) - (-4 - 5)?
-27
Calculate -1 - 3 - (-25 - (19 + (-2 - 1))).
37
What is -112 + 122 + (0 - -3 - 9) + -32?
-28
Evaluate -12 + (86 - (-9 - (6 - (-12 + 35 - -4)))).
62
What is 15 + -20 + 10 + 1 + 42?
48
(4 + -1 - 8 - -3 - -13) + 30
41
What is -46 + (65 + -54 - -1)?
-34
What is the value of -48 + (-1 - (12 + 0 + -15) - 4)?
-50
Evaluate -45 + 32 + 40 + -69.
-42
Evaluate 8 + (15 - (-6 - -30) - 10) + 2.
-9
What is the value of -13 - (33 + (-78 - -33) + (106 - 4 - 5))?
-98
What is the value of 101 + 1 - (619 - 545)?
28
Calculate -55 + -49 + 94 + -22.
-32
What is 1 + (2 + -43 - (26 + (-18 - 20)))?
-28
Calculate -6 + 5 + -1 + 3 + 9 + (-34 - 5).
-29
What is the value of (30 - (-81 - (21 + -57))) + -4?
71
Evaluate -4 - (221 + -158 + 60 - (-22 - 0)).
-149
What is the value of -41 + (51 - 20) - (3 + -46)?
33
What is 18 - 26 - -36 - (-4 + 5 + 10)?
17
Evaluate 136 - 45 - 79 - 75.
-63
Evaluate -20 + (-5 - 17) + 21 + -10.
-31
What is the value of 85 + (73 - 30) - 62?
66
18 + (-27 - -3 - -11) - -9
14
What is -79 - (-15 + -12 - 41)?
-11
Calculate 17 - (36 - 34) - (12 - 0) - 33.
-30
What is -66 - 33